10101100 (base 2) to base 10.
-12716
Convert -11000101010 (base 2) to base 4.
-120222
Convert -864b (base 12) to base 10.
-14747
Convert 13410 (base 5) to base 9.
1457
-5a8b (base 13) to base 10
-12790
Convert 14410 (base 5) to base 2.
10011001110
What is -10010001011 (base 2) in base 6?
-5215
1538 (base 9) to base 7
3260
What is -1111001 (base 2) in base 4?
-1321
Convert -529 (base 15) to base 8.
-2214
Convert 300410 (base 5) to base 2.
10010100001000
What is 61015 (base 7) in base 14?
5545
What is -1001100011100001 (base 2) in base 7?
-222050
Convert -20767 (base 9) to base 12.
-7b5a
What is -5096 (base 15) in base 2?
-100001001111000
What is -1010111011 (base 2) in base 12?
-4a3
What is -3192 (base 11) in base 4?
-1001313
Convert -283 (base 9) to base 6.
-1033
252 (base 10) to base 9
310
What is -7e1 (base 16) in base 6?
-13201
Convert 989 (base 10) to base 7.
2612
-25d (base 14) to base 11
-3a2
Convert -10553 (base 7) to base 3.
-10200102
13a12 (base 11) to base 4
10312101
What is 313222 (base 4) in base 9?
4787
What is 4575 (base 11) in base 3?
22020122
Convert 33220 (base 4) to base 15.
46a
Convert 434031 (base 7) to base 16.
12831
-111111100 (base 2) to base 16
-1fc
Convert -16252 (base 7) to base 10.
-4594
What is 1566 (base 9) in base 12?
836
What is 50105 (base 6) in base 9?
8845
What is -951 (base 16) in base 13?
-1116
92 (base 13) to base 9
142
Convert -230013 (base 4) to base 10.
-2823
4164 (base 11) to base 9
7507
What is b69c (base 16) in base 6?
1000232
What is -838 (base 11) in base 5?
-13014
What is 11110110011 (base 2) in base 15?
8b6
What is -15076 (base 8) in base 2?
-1101000111110
What is 838 (base 11) in base 5?
13014
7c0 (base 15) to base 7
5055
-14748 (base 9) to base 3
-111211122
What is -2306 (base 11) in base 8?
-5727
Convert -acb9 (base 15) to base 7.
-211530
Convert -11001000 (base 2) to base 9.
-242
What is -688 (base 10) in base 4?
-22300
Convert 27670 (base 9) to base 15.
5869
What is 511 (base 13) in base 5?
11414
Convert 340 (base 9) to base 5.
2104
What is -3861 (base 13) in base 2?
-1111101010110
What is -21121 (base 4) in base 12?
-421
501 (base 9) to base 8
626
Convert 1167 (base 9) to base 3.
1012021
Convert -732 (base 11) to base 12.
-616
What is 250334 (base 6) in base 16?
5692
Convert -2a28 (base 11) to base 3.
-12100112
Convert -141 (base 16) to base 2.
-101000001
Convert 1002334 (base 6) to base 3.
2101202211
What is -de6 (base 15) in base 7?
-12105
Convert -6539 (base 11) to base 12.
-4bb5
-100101111 (base 2) to base 13
-1a4
-15e6 (base 16) to base 10
-5606
What is -110111110010001 (base 2) in base 14?
-a5a1
What is -1524 (base 8) in base 16?
-354
5218 (base 10) to base 4
1101202
What is -101000000001 (base 2) in base 7?
-10316
1187 (base 11) to base 8
3013
5174 (base 13) to base 16
2bf1
715 (base 9) to base 11
489
-50b4 (base 16) to base 10
-20660
What is 102 (base 8) in base 10?
66
6b2 (base 15) to base 6
11005
What is -1d1 (base 14) in base 10?
-379
What is -1101100 (base 2) in base 10?
-108
Convert -6b (base 15) to base 7.
-203
-145513 (base 6) to base 3
-201112000
-157 (base 10) to base 7
-313
-1316 (base 9) to base 11
-818
Convert -295 (base 13) to base 9.
-561
What is 13746 (base 10) in base 3?
200212010
Convert 26a6 (base 11) to base 7.
13134
What is 2055 (base 7) in base 15?
336
-43114 (base 6) to base 15
-1b1d
Convert -3214 (base 13) to base 10.
-6946
What is a848 (base 14) in base 3?
1110212202
What is 187 (base 9) in base 16?
a0
Convert -641 (base 15) to base 6.
-10311
What is -11330 (base 4) in base 14?
-1d2
What is -10011001011010101 (base 2) in base 16?
-132d5
Convert 10100101001 (base 2) to base 15.
5d1
1100122210 (base 3) to base 8
64144
Convert -287 (base 14) to base 10.
-511
Convert -1500 (base 6) to base 14.
-204
What is 2528 (base 10) in base 13?
11c6
Convert 3188 (base 13) to base 9.
10375
-4650 (base 7) to base 15
-786
What is -100120110 (base 3) in base 4?
-1231002
Convert -11032 (base 4) to base 12.
-23a
Convert 79e (base 15) to base 6.
11552
What is db0 (base 16) in base 12?
2040
What is 682 (base 14) in base 3?
1202210
What is -652 (base 7) in base 10?
-331
What is -1001302 (base 4) in base 15?
-13aa
-1631 (base 16) to base 4
-1120301
Convert 1626 (base 7) to base 12.
469
What is -43450 (base 8) in base 16?
-4728
Convert 1a55 (base 13) to base 5.
111312
-2575 (base 12) to base 6
-31425
Convert -100111000010 (base 2) to base 16.
-9c2
Convert 2456 (base 10) to base 6.
15212
What is -467 (base 11) in base 9?
-678
Convert 1875 (base 9) to base 15.
665
86 (base 12) to base 4
1212
What is -75c (base 16) in base 6?
-12420
Convert -8369 (base 10) to base 5.
-231434
What is 1151 (base 10) in base 14?
5c3
Convert 1011001110 (base 2) to base 14.
394
-4660 (base 7) to base 8
-3254
What is -100110111 (base 2) in base 11?
-263
What is -100113 (base 4) in base 7?
-3024
What is 1175 (base 12) in base 10?
1961
What is -365 (base 16) in base 6?
-4005
-1703 (base 13) to base 16
-d37
-200111 (base 3) to base 4
-13303
What is -40 (base 12) in base 7?
-66
Convert 1361 (base 8) to base 2.
1011110001
2614 (base 13) to base 8
12461
-512 (base 11) to base 5
-4433
What is 454450 (base 6) in base 4?
21123132
Convert 46a (base 11) to base 6.
2332
What is -3901 (base 10) in base 16?
-f3d
Convert 2610 (base 11) to base 12.
1b73
What is -40403 (base 5) in base 13?
-1253
143b (base 12) to base 7
6566
375 (base 13) to base 16
25b
What is 2000 (base 6) in base 15?
1dc
What is -201201 (base 3) in base 11?
-444
What is 3685 (base 12) in base 8?
14005
What is 37072 (base 8) in base 3?
210212000
What is -10100100001 (base 2) in base 16?
-521
Convert 110 (base 6) to base 16.
2a
-534 (base 6) to base 16
-ca
Convert -11345 (base 7) to base 5.
-43144
What is -7c0 (base 16) in base 13?
-b98
Convert -90a (base 14) to base 4.
-123232
4e55 (base 15) to base 9
24848
-535443 (base 6) to base 7
-242223
Convert 93a (base 14) to base 8.
3430
Convert 3231033 (base 4) to base 13.
6bac
-201022111 (base 3) to base 15
-428a
Convert -1878 (base 9) to base 13.
-875
-93bc (base 13) to base 16
-4fd3
What is 711 (base 9) in base 14?
2d3
Convert 33222 (base 6) to base 10.
4622
-200102 (base 3) to base 15
-232
-533 (base 12) to base 6
-3303
Convert 1220 (base 4) to base 2.
1101000
Convert 2526 (base 13) to base 11.
3a62
What is 17576 (base 10) in base 9?
26088
Convert 2e69 (base 15) to base 12.
5953
-24350 (base 8) to base 6
-120252
What is 98 (base 15) in base 5?
1033
-3873 (base 12) to base 13
-2c01
Convert -492 (base 11) to base 5.
-4320
12122030 (base 4) to base 14
97d2
925 (base 10) to base 7
2461
Convert 1032012 (base 5) to base 11.
12383
Convert -10110011101 (base 2) to base 11.
-1097
-351 (base 8) to base 9
-278
Convert -21313 (base 5) to base 13.
-882
What is 3231 (base 5) in base 14?
237
-5501 (base 6) to base 7
-3451
Convert 307 (base 13) to base 5.
4024
Convert -1582 (base 16) to base 6.
-41254
Convert 1433 (base 7) to base 16.
233
Convert -6250 (base 7) to base 13.
-cc7
What is 11001111111111 (base 2) in base 9?
20230
What is 46b (base 12) in base 15?
2de
Convert -112211 (base 3) to base 16.
-190
What is -101000110101101 (base 2) in base 6?
-240445
-1002 (base 8) to base 7
-1333
Convert -660 (base 16) to base 5.
-23012
Convert 1012012 (base 3) to base 14.
461
What is -46d (base 15) in base 14?
-519
4875 (base 15) to base 5
443120
Convert -15246 (base 10) to base 9.
-22820
What is b748 (base 12) in base 16?
4e68
-c16 (base 14) to base 9
-3225
-1222121011 (base 3) to base 16
-98a1
-212 (base 13) to base 7
-1013
29d (base 14) to base 6
2243
110011000 (base 2) to base 5
3113
4854 (base 12) to base 4
1333000
3 (base 6) to base 10
3
4994 (base 10) to base 3
20211222
aff (base 16) to base 3
10212021
25231 (base 6) to base 11
2911
What is 111132 (base 5) in base 15?
1262
Convert -5c95 (base 16) to base 14.
-88cd
Convert -4827 (base 14) to base 2.
-11000100100011
Convert 7b64 (base 12) to base 3.
200212111
-10210200 (base 3) to base 6
-20500
a35 (base 13) to base 10
1734
What is 3699 (base 14) in base 12?
5633
What is 21330300 (base 4) in base 12?
1b700
Convert -22408 (base 12) to base 3.
-2022102122
What is -109d9 (base 15) in base 2?
-1100111001110110
-54453 (base 8) to base 9
-34273
What is 24330 (base 5) in base 4?
130300